2, 13
Let w(y) = -3*y**2 - 45*y - 6. Suppose -b = o + 19, 3*o - 3*b + 3 = 2*o. Let l be w(o). List the prime factors of (l - 110/(-15))*(-339)/(-2).
2, 113
Let x(w) be the second derivative of w**4/12 + 5*w**3/3 - 25*w**2/2 + 29*w. Let i be x(-13). What are the prime factors of (-567)/(-4) - i/(-56)?
2, 71
Let w = -264 - -235. Let c(g) = -g**3 - 27*g**2 + 21*g - 68. List the prime factors of c(w).
3, 5, 67
Let z be (-18)/(-21) + (-62)/7. List the prime factors of (6/(-4))/(z/((-67648)/(-21))).
2, 151
Let i be (-63)/(35/(-5))*1/3. Suppose -i*v - 91 = -97. Suppose 2*y + v*y - 247 = -l, -5*l + 2*y = -1147. What are the prime factors of l?
3, 7, 11
Suppose -25*t = -20*t. Suppose 5*u + 15 = t, 1795 = 5*w - 4*u - 597. What are the prime factors of w?
2, 7, 17
Suppose 3*j + 10*w = 8*w + 14611, 5*w - 9737 = -2*j. List the prime factors of j.
4871
Let x be -8*13 + 4/(-2). Let o = x + 91. List the prime factors of ((11 - -1) + -2)*(-156)/o.
2, 13
Suppose y + 8 = 2*w - 6, -5*y + 47 = 3*w. Let p(d) = 14*d**2 - 18*d + 44. What are the prime factors of p(w)?
2, 127
Let f(n) = 3*n**2 - 6*n + 177. List the prime factors of f(44).
3, 1907
Let h = 5312 + 6246. List the prime factors of h.
2, 5779
Let f(k) be the third derivative of -13*k**4/12 + 11*k**3 + 7*k**2. What are the prime factors of f(-6)?
2, 3, 37
Let m = -23172 + 38425. What are the prime factors of m?
7, 2179
Let n(k) = k**3 + 5*k**2 + k + 5. Let w be n(-5). Suppose 2*v + 4*v = w. Suppose 6*u + v*u = 576. List the prime factors of u.
2, 3
Suppose 676*g - 696*g = -153360. List the prime factors of g.
2, 3, 71
Let u(d) = 32*d + 2. Let s be u(6). Let r be (-1 + -3 - -2)*2. Let g = r + s. What are the prime factors of g?
2, 5, 19
Let s = 939 - 281. Let j = -84 + s. What are the prime factors of j?
2, 7, 41
Let j be (2 + 4/(-1))*2. Let o be (-170)/j*6 - (17 - 17). Suppose 242 = 4*l - w, -o = -3*l - 4*w - 83. What are the prime factors of l?
2, 3, 5
Let j = -170 + 175. Suppose 11*l + 1444 = 3*a + 6*l, 5*l = -j*a + 2420. List the prime factors of a.
3, 7, 23
Let a = -428 - -442. Suppose -4095 + 22113 = a*u. What are the prime factors of u?
3, 11, 13
Let l = 169 + 77. Suppose 2*j - l = -2*h, 5*h - j - 3*j - 579 = 0. List the prime factors of h.
7, 17
Suppose 10091 = 4*w + 4*r - 2609, 6346 = 2*w - 2*r. Suppose 2*g + 770 = w. What are the prime factors of g?
2, 601
Suppose -45 = 4*i + 63. Let x(f) = 2*f**2 + 14*f + 187. List the prime factors of x(i).
7, 181
Let o(l) = 14*l**2 + 5*l + 11. Let w be o(-6). Let s(b) = b**3 + 4*b**2 + b + 8. Let v be s(-4). Suppose v*y - w = -y. What are the prime factors of y?
97
Let q be -3*(11/(-6))/11*8. List the prime factors of 481 - q*(-3)/2.
487
Suppose -47*n = 24*n - 220881. List the prime factors of n.
3, 17, 61
Let q = -39120 + 57559. List the prime factors of q.
18439
Let y be ((-3)/(-15) - 1)/((-5)/100). Let t(v) = 15*v - 52. What are the prime factors of t(y)?
2, 47
Let f = 87 + -10. Suppose -14*b = f - 427. What are the prime factors of (b/(-5))/(-10) + 258/4?
5, 13
Let b(r) = 12109*r - 1503. What are the prime factors of b(4)?
46933
Let c be (127610/70)/(0 - -1). Let v = c + -1006. What are the prime factors of v?
19, 43
Let i be 1/((-2)/8) - -5. Let r be i/((-1)/(-3) + 3 + -3). Suppose r*f + 0*f - 303 = 0. List the prime factors of f.
101
Let l = 1744 + 3355. What are the prime factors of l?
5099
Let n(g) = -49*g**3 + 2*g**2 - 2*g + 3. Let a be n(-2). Suppose 0 = -19*r + a + 2519. List the prime factors of r.
2, 7, 11
Let c = -68 - -356. Let o = 543 - c. Suppose -o = 5*d - 675. What are the prime factors of d?
2, 3, 7
List the prime factors of (-19)/(76/6)*-1266.
3, 211
Suppose m - 19 = -2*k - 6, 3*k = 2*m + 2. Suppose -i + 3*x = -4 - 74, k*x = 5*i - 434. What are the prime factors of i?
2, 3, 5
Suppose 0 = a - c - 13, 3*a + c - 3*c = 35. Suppose -987 - 1218 = -a*s. List the prime factors of s.
5, 7
Suppose g - 1 = -5*b, -2*b - 2*b = g + 1. Let u be (-20)/(-6)*g/3. List the prime factors of (-474)/(-15)*(-25)/u.
79
Suppose 0 = d - 3*d + r + 90, 31 = d + 3*r. Let j = 43 - d. Suppose j = 9*y + 30 - 534. What are the prime factors of y?
2, 7
Let w(p) = p**2 - p + 2. Let i(v) = -2*v**2 - 8*v + 55. Let g(c) = -i(c) + w(c). List the prime factors of g(-12).
5, 59
Let o = 132 + -159. Let v = 254 - o. What are the prime factors of v?
281
Let u(z) = -9*z + 67. Let s = -120 - -108. Let l = s + 5. What are the prime factors of u(l)?
2, 5, 13
Suppose -4*p - 153 = -p. Let l be p/5 - (6 - 124/20). List the prime factors of 2/(-10) - -1374*l/(-75).
3, 61
Let y(t) = t**3 - 3*t**2 - 7*t + 1. Let n be y(8). Let i(f) = -16*f + 7. Let w be i(-7). Let s = n - w. What are the prime factors of s?
2, 73
Let g be ((-80)/6)/(14/(-21)). Suppose -g = -6*h - 164. List the prime factors of 19/(-2*2/h).
2, 3, 19
Let u(y) = 796 - 91*y - 165 + 18*y + 547. What are the prime factors of u(0)?
2, 19, 31
Let b(l) = -69*l**2 + 9*l + 13. Let x(p) = 137*p**2 - 17*p - 26. Let s(d) = -5*b(d) - 2*x(d). What are the prime factors of s(-2)?
293
Suppose 0 = 4*y - 8941 + 3689. What are the prime factors of y?
13, 101
Suppose -4*z + s = -25, 0 = -4*z + z + 3*s + 12. Let v be 8/2 + (0 - z). What are the prime factors of ((69/(-15) - v) + 0)*-30?
2, 3
Let o(g) = -432*g - 785*g + 10 + 1104*g. Suppose -b - 8 - 10 = -4*u, 3*b - 10 = -4*u. What are the prime factors of o(b)?
2, 59
Suppose 0 = 4653*i - 4661*i + 238976. List the prime factors of i.
2, 1867
Suppose 0 = 230*x - 281*x + 32946. List the prime factors of x.
2, 17, 19
Suppose -20 = -4*a - 0. Let x(z) = z**3 - 5*z**2 - 8*z + 8. Let u be x(a). What are the prime factors of (u + -1)*(10 + -11)?
3, 11
Let a be (-3)/6 - 6/(-12) - -453. Suppose 4*i - a = -6*v + 3*v, 3 = -i. What are the prime factors of v?
5, 31
Let o be (-2)/((-1)/(-3) + -1). Suppose -129*b - 11*b = -166 - 114. Suppose 3*s = -2*v + 507, 2*v = -b*s + o*v + 345. What are the prime factors of s?
3, 19
Suppose -865*o + 846*o + 68856 = 0. List the prime factors of o.
2, 3, 151
Suppose -5*a = g - 862, 11*g - 4*a + 2630 = 14*g. Suppose 4*t - 298 = g. What are the prime factors of t?
5, 59
What are the prime factors of ((-15895)/275)/17*(-1046 - -1)?
11, 17, 19
Suppose 15*h + 81 = 21. Let n be 1 + (-2)/h*6. Suppose 2*a = -m + 88, 5*a - 398 = -n*m - 49. What are the prime factors of m?
2, 43
Suppose -o + 2*o = -3*n + 32, 5*n = -2*o + 55. Let t(x) = 6*x + 6. Let g(r) = 14*r + 13. Let s(f) = 3*g(f) - 5*t(f). List the prime factors of s(n).
3, 13
Let m(c) be the second derivative of c**5/20 + c**4/3 - 14*c. Let j be m(-3). Let l(y) = y**2 - 3*y + 4. List the prime factors of l(j).
2, 29
Let f(w) = -641*w - 90. List the prime factors of f(-5).
5, 7, 89
Let r be (-208)/(-24) + -8 + 95/(-3). Suppose 0*f - 3*f + 183 = 5*i, i + 277 = 5*f. Let z = f + r. What are the prime factors of z?
5
Suppose w + 5*p = 15, 4*w - 15 = -4*p - p. Suppose 5*q = 4*j - 25, -q + w = j - 4. List the prime factors of 0/(-26) - (0/q - 208).
2, 13
Suppose 0 = 5*q - 12105 - 24995. Suppose 0 = 24*v - q - 5612. List the prime factors of v.
3, 181
Let v be (-9)/(-2)*(-2)/(-3). Suppose -9 = 2*x - v*i + 51, 2*i = 8. Let o = 67 + x. List the prime factors of o.
43
Let u = -43 + 17. Let a = u - -30. Suppose -2*g + 288 = 5*h + g, -5*h = a*g - 289. List the prime factors of h.
3, 19
Suppose -255853 = 35*a + 29*a - 1049517. What are the prime factors of a?
12401
Suppose 0 = -5*h + 2*a + 14054, -3 = -26*a + 25*a. What are the prime factors of h?
2, 19, 37
Let k be (-6 - (-224)/36)*9. Suppose -5*u + k*w + 7708 = 0, -5*u - 17*w = -14*w - 7688. List the prime factors of u.
2, 5, 7, 11
Suppose -4*y + 8*y = -3*f + 73690, -3*f + y + 73670 = 0. List the prime factors of f.
2, 3, 4093
Let j be (-1998)/(-30)*20/6. Let g = 393 - j. Suppose -2*f + g = f. List the prime factors of f.
3, 19
Let s be (52/(-10))/((-19)/5605). Suppose -s - 346 = -10*y. List the prime factors of y.
2, 47
Suppose 8 = 2*h - 2. Suppose w + h = 270. List the prime factors of w.
5, 53
Let q be (-5 + 3 + -2)*2/4. Let b be q + -3 + 30 + 4. Let x = 35 - b. What are the prime factors of x?
2, 3
Let f(p) = 45*p + 2. Let b be f(1). Let m = 85 + b. What are the prime factors of m?
2, 3, 11
Let d(k) be the third derivative of -k**4/12 - 15*k**2. Let z be d(7). List the prime factors of ((